4))/(3/210). Let k = -72 + 73. Let p = k - z. List the prime factors of p.
2, 3
What are the prime factors of 2 - 1/(-12 + (-1633270)/(-136106))?
3, 5, 13, 349
Let t(k) = -343*k - 8. Let w be t(-5). Let z = -921 + w. What are the prime factors of z?
2, 3, 131
Let k = 5343 - -10395. What are the prime factors of k?
2, 3, 43, 61
Suppose -68*b + 4752 = -64*b. Suppose -b = 214*x - 220*x. List the prime factors of x.
2, 3, 11
Let f(j) = 115*j + 1238. What are the prime factors of f(49)?
3, 29, 79
Suppose 447 = -x + 4*i + 2682, 4*x - i - 9000 = 0. Let o = x - 1061. What are the prime factors of o?
2, 5, 7, 17
Let i = -26 + 47. Suppose -i = -19*x + 22*x. List the prime factors of -6 + (-220)/(-35) - 138/x.
2, 5
Let t(w) = -8*w**2 + 96*w - 257. Let g(l) = -5*l**2 + 48*l - 128. Let y(m) = 5*g(m) - 3*t(m). What are the prime factors of y(-35)?
2, 293
Let l(u) = u**2 - 13*u - 64. Let b be l(17). Suppose -2*m = 2*s - 1464, 95 - 2284 = -3*s + b*m. What are the prime factors of s?
17, 43
Let v = -40932 - -43262. List the prime factors of v.
2, 5, 233
Let u(z) = 69*z - 65. Let g be u(17). Suppose -5*n = -g + 198. Let m = 96 + n. List the prime factors of m.
2, 139
Let g = 210 - 194. Suppose 15896 + 7784 = g*h. What are the prime factors of h?
2, 5, 37
Let t = 691 - 505. Let f = 1177 + t. List the prime factors of f.
29, 47
Suppose 0 = i + 7, -4*i = 38*t - 34*t - 275188. List the prime factors of t.
2, 103, 167
List the prime factors of 8 - (0 - 0) - ((-2821150)/(-17))/(-10).
16603
Let j = 654 + -1137. Let z = -87 - j. What are the prime factors of z?
2, 3, 11
Suppose j = -17*j + 126. What are the prime factors of (-2)/j - 15604/(-28)?
557
Let a = 1510 - 2201. Let w = a - -1059. What are the prime factors of w?
2, 23
List the prime factors of (-15)/10*200/150*3*-2801.
2, 3, 2801
Let r be 5*3*(-4)/(-20) - 387. Let j be (-1 - 0)/(6/r). Suppose -z - 13 = -j. What are the prime factors of z?
3, 17
Let v(d) = d**3 + d**2 - 2*d. Let u be v(0). Let c(i) = -2*i**3 + 3*i**2 - 2*i + 1421. What are the prime factors of c(u)?
7, 29
Suppose 49*i + 207240 = 159*i. What are the prime factors of i?
2, 3, 157
Let g = -28 + 44. Let r be ((-10)/(-15))/(-2 + g/9). What are the prime factors of (-1)/r - 5/((-60)/1376)?
5, 23
Let m(l) = -538*l - 1. Let b be m(-1). Suppose -407 = -8*r + b. List the prime factors of r + 0 + 1 + (-28)/(-7).
3, 41
Suppose x - 7*t - 3429 = -9*t, 10*t - 10275 = -3*x. What are the prime factors of x?
3, 5, 229
Let f = -26 - -30. Let b be (-1)/f + (-679)/(-28). List the prime factors of ((-12)/(b/(-4)))/((-4)/(-142)).
71
Let h = 192 + -190. Suppose l = -h*l + 48. What are the prime factors of l?
2
Suppose -7738 - 15774 = -4*r. What are the prime factors of r?
2, 2939
Suppose -74129 - 502965 = -14*t. What are the prime factors of t?
41221
List the prime factors of (-276817)/(-5) + 102/170.
2, 13841
Let u be -1*5/((-25)/10). Let i(v) = -u - 4 + 3 + 5 - 89*v. What are the prime factors of i(-1)?
7, 13
Let h(x) = -2*x**2 + 23*x - 12. Let w be h(7). What are the prime factors of (w/(-15))/(6/(-930))?
17, 31
Let r be -6 + 3 + 15/3. Suppose -3*z = -4*z - r*g + 732, 2*z = 3*g + 1450. What are the prime factors of z?
2, 7, 13
Suppose -8 = -2*m + 4*q, -2*m - 2*m = -2*q - 16. Suppose 2*f + 3*d - 549 = 0, m*f + 4*d - 684 = 416. List the prime factors of f.
2, 3, 23
Suppose 174902 - 1813994 = -210*l + 719628. What are the prime factors of l?
2, 3, 13
Suppose 4*k - 3*u - 10934 - 3043 = 0, 0 = -5*k + 2*u + 17473. What are the prime factors of k?
3, 5, 233
Let m be ((-12)/(-16))/(4274/(-1424) - -3). What are the prime factors of m/(-2)*((-19)/3 + 7)?
2, 89
Suppose -194*c + 42304 = -210*c. Let b = c - -3783. What are the prime factors of b?
17, 67
Let d = 22244 - 13655. What are the prime factors of d?
3, 7, 409
Let o = -148 + 150. Suppose 4*k - 1872 = o*v, -5*k - 1243 + 3596 = 4*v. List the prime factors of k.
7, 67
Let x = 98 - 94. Suppose -2*i + x*b + 38 = 0, -7 = 5*b + 3. What are the prime factors of 10/i - 1/(6/(-1136))?
2, 5, 19
Let b(u) = -30*u + 63. Let p be b(2). Suppose 0 = -p*d + 3483 - 222. What are the prime factors of d?
1087
Let b(v) = -730*v + 3494. What are the prime factors of b(-32)?
2, 29, 463
Let x(i) be the first derivative of i**4/6 - i**3/6 - 4*i**2 - 13*i + 1. Let r(y) be the first derivative of x(y). What are the prime factors of r(6)?
2, 29
Let l(w) = 156*w - 638. What are the prime factors of l(36)?
2, 19, 131
Suppose -20005 = -2*w + 2*s + 5437, 4*s - 38177 = -3*w. List the prime factors of w.
3, 4241
Suppose 5*k + 7*b - 964 = 11928, 0 = 3*b - 3. What are the prime factors of k?
3, 859
Suppose 0 = c + 2*c - 9, 4*c = 4*i - 268. Let m = -58 + i. Suppose m*l - 13*l = -127. What are the prime factors of l?
127
Suppose -5*k - 5 = -20, 5*h + 4*k = 34767. What are the prime factors of h?
3, 7, 331
What are the prime factors of (8 + 16 + 32/4)*(0 - -269)?
2, 269
Let q = 5442 + -3229. What are the prime factors of q?
2213
Let o(w) = -2*w**3 + 2*w + 2. Let x be o(-1). Suppose -5*c - x*d = -210, 4*c - c - 107 = -5*d. Let b = c - 15. List the prime factors of b.
29
Let x be (1 - 2306/10)/(26/(-195)). Suppose 6*j - 1680 = x. Let h = j - 384. List the prime factors of h.
3, 61
Let h = -225 + 228. Suppose -i = -h, -5*i + 29 - 2554 = -5*m. What are the prime factors of m?
2, 127
Suppose 236780 = 25*c - 245295. What are the prime factors of c?
11, 1753
List the prime factors of 28/(-210) + 4702438/210 - (-16)/28.
7, 457
Let k(b) = 948*b**2 - 223*b + 1838. What are the prime factors of k(8)?
2, 3, 29, 349
Let l be -4 + ((-57)/19)/(-2 - -1). What are the prime factors of l/(-3) - 1/(15/(-4180))?
3, 31
Let k(s) be the third derivative of -37*s**7/2520 - s**6/240 - s**5/20 + 18*s**2. Let g(x) be the third derivative of k(x). What are the prime factors of g(-1)?
71
Suppose 3*q + l = -3*l + 2506, -2*q - 4*l = -1668. Let h = 1507 - q. What are the prime factors of h?
3, 223
Let y(w) = -1 - 5 + 2*w**2 + w + w**3 + 0*w. Suppose -2*d = 3*a - 2, 0 = -4*a + 22*d - 24*d + 6. What are the prime factors of y(a)?
2, 47
Let c be (-16)/6*(-279)/12. Let k = 65 - c. Suppose -k*m + 5 = -10. List the prime factors of m.
5
List the prime factors of (-3240400)/(-300) + 2/(-6).
7, 1543
Suppose -3996 = -3*q + 591. What are the prime factors of q?
11, 139
Suppose -o = m - 4389, -295*m + 5*o + 17493 = -291*m. List the prime factors of m.
2, 7, 313
Suppose 4*k + 31 = 39. Suppose -5*f = -4*s + 2359, -k*s = -2*f - 544 - 636. What are the prime factors of s?
3, 197
Let t be (4 - 3/1) + 5. Let v(a) = -9*a**2 + 4*a - 12. Let q(w) = -w**2 + w - 1. Let d(k) = t*q(k) - v(k). List the prime factors of d(-4).
2, 23
Suppose 43*g = 40*g + 999. Let s = 1159 - g. List the prime factors of s.
2, 7, 59
Suppose -3*d + 4*j = 8, 0 = 2*d + 3*d + 5*j - 10. Let o(p) = 6*p + 3*p**2 - 291 + d*p + 295. List the prime factors of o(-8).
2, 37
Suppose 4*y - 4 = -4*g, 11*g - 8*g = -2*y - 2. Suppose -2102 + 7152 = y*h. List the prime factors of h.
2, 5, 101
Let i(b) = -b**3 - 3*b**2 + b - 3. Let m be i(-3). Let h(l) be the third derivative of l**5/10 - 31*l**3/6 - 978*l**2. What are the prime factors of h(m)?
5, 37
Suppose -6*q + 3 = -10*q - 3*p, 0 = -q - 2*p - 7. Suppose -q*a - 15 = -0, -4*i = -4*a - 2964. What are the prime factors of i?
2, 23
Suppose -12 = -4*b, -3*w - 3*b = -0*b - 12. Let p be w*(-2 - (0 + -9)). Suppose -72 - p = -v. What are the prime factors of v?
79
Let g(y) = -43*y - 4. Let h be g(8). Let t = 870 + h. Suppose -3*s - 6*f + 522 = -3*f, -3*s = -4*f - t. What are the prime factors of s?
2, 3, 29
Let m be (696/(-18))/(6/(-9)). Suppose -2*q - 2*i = m, -5*q + 4*i = 5*i + 165. Let o = q - -139. List the prime factors of o.
3, 5, 7
Let f(h) = -5*h**3 - 59*h**2 - 123*h + 35. Let v(p) = 2*p**3 + 20*p**2 + 41*p - 12. Let b(x) = -4*f(x) - 11*v(x). List the prime factors of b(-7).
5, 47
Let v(j) = 11*j**2 + 233*j + 108. What are the prime factors of v(50)?
2, 3, 727
Let k(h) = h**2 + 5*h - 2. Let s be k(-4). Let q be s/(-27) + 620/45. What are the prime factors of ((-288)/84)/((-4)/q)?
2, 3
Let w(s) = s**3 + 22*s**2 - 23*s + 30. Let i = -290 - -268. What are the prime factors of w(i)?
2, 67
Suppose 235*c - 156*c - 327929 = 0. List the prime factors of c.
7, 593
Let j = -109 + 214. Suppose -30720 = -j*n